{"version":"1.0","provider_name":"Objectif Neuroinclusion","provider_url":"https:\/\/objectifneuroinclusion.org\/fr","author_name":"Pierre Francois","author_url":"https:\/\/objectifneuroinclusion.org\/fr\/author\/pierre-francois\/","title":"C\u00e9r\u00e9monie du 24 septembre 2026 | Objectif Neuroinclusion","type":"rich","width":600,"height":338,"html":"<blockquote class=\"wp-embedded-content\" data-secret=\"ndDThgzdc9\"><a href=\"https:\/\/objectifneuroinclusion.org\/fr\/ceremonie-24-septembre\/\">C\u00e9r\u00e9monie du 24 septembre 2026<\/a><\/blockquote><iframe sandbox=\"allow-scripts\" security=\"restricted\" src=\"https:\/\/objectifneuroinclusion.org\/fr\/ceremonie-24-septembre\/embed\/#?secret=ndDThgzdc9\" width=\"600\" height=\"338\" title=\"\u00ab\u00a0C\u00e9r\u00e9monie du 24 septembre 2026\u00a0\u00bb &#8212; Objectif Neuroinclusion\" data-secret=\"ndDThgzdc9\" frameborder=\"0\" marginwidth=\"0\" marginheight=\"0\" scrolling=\"no\" class=\"wp-embedded-content\"><\/iframe><script>\n\/*! This file is auto-generated *\/\n!function(d,l){\"use strict\";l.querySelector&&d.addEventListener&&\"undefined\"!=typeof URL&&(d.wp=d.wp||{},d.wp.receiveEmbedMessage||(d.wp.receiveEmbedMessage=function(e){var t=e.data;if((t||t.secret||t.message||t.value)&&!\/[^a-zA-Z0-9]\/.test(t.secret)){for(var s,r,n,a=l.querySelectorAll('iframe[data-secret=\"'+t.secret+'\"]'),o=l.querySelectorAll('blockquote[data-secret=\"'+t.secret+'\"]'),c=new RegExp(\"^https?:$\",\"i\"),i=0;i<o.length;i++)o[i].style.display=\"none\";for(i=0;i<a.length;i++)s=a[i],e.source===s.contentWindow&&(s.removeAttribute(\"style\"),\"height\"===t.message?(1e3<(r=parseInt(t.value,10))?r=1e3:~~r<200&&(r=200),s.height=r):\"link\"===t.message&&(r=new URL(s.getAttribute(\"src\")),n=new URL(t.value),c.test(n.protocol))&&n.host===r.host&&l.activeElement===s&&(d.top.location.href=t.value))}},d.addEventListener(\"message\",d.wp.receiveEmbedMessage,!1),l.addEventListener(\"DOMContentLoaded\",function(){for(var e,t,s=l.querySelectorAll(\"iframe.wp-embedded-content\"),r=0;r<s.length;r++)(t=(e=s[r]).getAttribute(\"data-secret\"))||(t=Math.random().toString(36).substring(2,12),e.src+=\"#?secret=\"+t,e.setAttribute(\"data-secret\",t)),e.contentWindow.postMessage({message:\"ready\",secret:t},\"*\")},!1)))}(window,document);\n\/\/# sourceURL=https:\/\/objectifneuroinclusion.org\/wp-includes\/js\/wp-embed.min.js\n<\/script>\n","description":"\u00c9v\u00e9nement &#8211; Inscrivez-vous avant le 21 septembre 2026 C\u00e9l\u00e9brons ensemble 1 an d&#8217;engagement autour de la neuroinclusion en entreprise Le collectif Objectif Neuroinclusion c\u00e9l\u00e8bre un an d&#8217;engagement. Un temps fort pour partager nos avanc\u00e9es, \u00e9changer avec des expert\u00b7es et rencontrer les entreprises qui font vivre la neuroinclusion au quotidien, suivi d&#8217;un cocktail. \ud83d\udcc5 Jeudi 24 septembre 2026 Accueil d\u00e8s 14 hC\u00e9r\u00e9monie de 14 h 15 \u00e0 18 h \ud83d\udccd Le Visionnaire &#8211; L&#8217;Or\u00e9al (14 rue Royale, Paris 8e) D\u00e9roul\u00e9 Programme de la journ\u00e9e Programme indicatif, en cours de finalisation avec le comit\u00e9 de pilotage. 14h-14h15 Accueil &#8211; Caf\u00e9 14h15-14h25 Mot d\u2019ouverture \ud83c\udf99\ufe0f Par Anne-Laure Thomas, Directrice de la diversit\u00e9, de l&#8217;\u00e9quit\u00e9 et de l&#8217;inclusion chez L&#8217;Or\u00e9al. Mot de bienvenue, h\u00f4te de l\u2019\u00e9v\u00e9nement, et pr\u00e9sentation des membres fondateurs du Collectif. 14h25-14h45 Pr\u00e9sentation du Collectif \ud83c\udf99\ufe0f Par L&#8217;Or\u00e9al, FDJ, Orange, Thales, Siemens et Schneider Electric. Retour sur les r\u00e9alisations, la gouvernance et les quatre piliers d\u2019engagement du Collectif. 14h45-15h15 Interview &#8211; Juliette Speranza (CNRS) \ud83c\udf99\ufe0f Philosophe, autrice et enseignante-chercheuse, Juliette Speranza travaille sur l\u2019\u00e9thique, la neurodiversit\u00e9, le handicap et les questions de minorit\u00e9s. Elle est la fondatrice de l\u2019association Neurodiversit\u00e9-France. Approches, concepts et limites de la neurodiversit\u00e9, suivis d\u2019un temps d\u2019\u00e9change avec le public. 15h15-16h Keynote &#8211; Vincent Grimaldi de Puget \ud83c\udf99\ufe0f Entrepreneur et directeur de publication, Vincent Grimaldi de Puget dirige le Paris Lab for Neurodiversity at Work \u00e0 l\u2019\u00c9cole des Ponts Business School, o\u00f9 il est \u00e9galement Clinical Professor. Management, pr\u00e9sentation du guide du Gouvernement et tendances autour de la neurodiversit\u00e9, suivis d\u2019un temps d\u2019\u00e9change. 16h-16h30 Pause D\u00e9couvrez, sur les diff\u00e9rents \u00e9crans, les t\u00e9moignages de salari\u00e9s du Collectif Objectif Neuroinclusion. 16h30-17h30 Table ronde &#8211; Caroline Dekerle &amp; Pierre Escaich \ud83c\udf99\ufe0f Directrice g\u00e9n\u00e9rale de l\u2019Agefiph, Caroline Dekerle est engag\u00e9e de longue date en faveur de l\u2019inclusion des personnes en situation de handicap dans l\u2019emploi. \ud83c\udf99\ufe0f Directeur du programme Talent Neurodiversit\u00e9 chez Ubisoft, Pierre Escaich a fond\u00e9 et codirige le Groupe-Ressource d\u2019Employ\u00e9s Neurodiversit\u00e9 du groupe. Pratiques innovantes, comp\u00e9tences et retours d\u2019exp\u00e9rience : les tops et les flops. 17h30-17h45 T\u00e9moignage &#8211; Alexia Laroche-Joubert \ud83c\udf99\ufe0f Professionnelle de la production t\u00e9l\u00e9visuelle, Alexia Laroche-Joubert partagera son exp\u00e9rience personnelle autour des troubles Dys et du management. Partage d\u2019exp\u00e9riences personnelles autour des troubles Dys et du management, dans une interview men\u00e9e par Anne-Laure Thomas. 17h45-18h Le mot de la fin \ud83c\udf99\ufe0f Par Pernod Ricard et Capgemini La suite du Collectif, sa bo\u00eete \u00e0 outils, dont trois guides, son ouverture internationale et son site internet. D\u00e8s 18h Cocktail Inscription avant le 21 septembre 2026 R\u00e9servez votre place\u200b Places limit\u00e9es : deux personnes maximum par entreprise. Confirmez votre pr\u00e9sence pour recevoir votre acc\u00e8s.","thumbnail_url":"https:\/\/s.w.org\/images\/core\/emoji\/17.0.2\/svg\/1f553.svg"}

Cérémonie du 24 septembre 2026 | Objectif Neuroinclusion

<blockquote class="wp-embedded-content" data-secret="ndDThgzdc9"><a href="https://objectifneuroinclusion.org/fr/ceremonie-24-septembre/">Cérémonie du 24 septembre 2026</a></blockquote><iframe sandbox="allow-scripts" security="restricted" src="https://objectifneuroinclusion.org/fr/ceremonie-24-septembre/embed/#?secret=ndDThgzdc9" width="600" height="338" title="« Cérémonie du 24 septembre 2026 » &#8212; Objectif Neuroinclusion" data-secret="ndDThgzdc9" frameborder="0" marginwidth="0" marginheight="0" scrolling="no" class="wp-embedded-content"></iframe><script>
/*! This file is auto-generated */
!function(d,l){"use strict";l.querySelector&&d.addEventListener&&"undefined"!=typeof URL&&(d.wp=d.wp||{},d.wp.receiveEmbedMessage||(d.wp.receiveEmbedMessage=function(e){var t=e.data;if((t||t.secret||t.message||t.value)&&!/[^a-zA-Z0-9]/.test(t.secret)){for(var s,r,n,a=l.querySelectorAll('iframe[data-secret="'+t.secret+'"]'),o=l.querySelectorAll('blockquote[data-secret="'+t.secret+'"]'),c=new RegExp("^https?:$","i"),i=0;i<o.length;i++)o[i].style.display="none";for(i=0;i<a.length;i++)s=a[i],e.source===s.contentWindow&&(s.removeAttribute("style"),"height"===t.message?(1e3<(r=parseInt(t.value,10))?r=1e3:~~r<200&&(r=200),s.height=r):"link"===t.message&&(r=new URL(s.getAttribute("src")),n=new URL(t.value),c.test(n.protocol))&&n.host===r.host&&l.activeElement===s&&(d.top.location.href=t.value))}},d.addEventListener("message",d.wp.receiveEmbedMessage,!1),l.addEventListener("DOMContentLoaded",function(){for(var e,t,s=l.querySelectorAll("iframe.wp-embedded-content"),r=0;r<s.length;r++)(t=(e=s[r]).getAttribute("data-secret"))||(t=Math.random().toString(36).substring(2,12),e.src+="#?secret="+t,e.setAttribute("data-secret",t)),e.contentWindow.postMessage({message:"ready",secret:t},"*")},!1)))}(window,document);
//# sourceURL=https://objectifneuroinclusion.org/wp-includes/js/wp-embed.min.js
</script>

Événement &#8211; Inscrivez-vous avant le 21 septembre 2026 Célébrons ensemble 1 an d&#8217;engagement autour de la neuroinclusion en entreprise Le collectif Objectif Neuroinclusion célèbre un an d&#8217;engagement. Un temps fort pour partager nos avancées, échanger avec des expert·es et rencontrer les entreprises qui font vivre la neuroinclusion au quotidien, suivi d&#8217;un cocktail. 📅 Jeudi 24 septembre 2026 Accueil dès 14 hCérémonie de 14 h 15 à 18 h 📍 Le Visionnaire &#8211; L&#8217;Oréal (14 rue Royale, Paris 8e) Déroulé Programme de la journée Programme indicatif, en cours de finalisation avec le comité de pilotage. 14h-14h15 Accueil &#8211; Café 14h15-14h25 Mot d’ouverture 🎙️ Par Anne-Laure Thomas, Directrice de la diversité, de l&#8217;équité et de l&#8217;inclusion chez L&#8217;Oréal. Mot de bienvenue, hôte de l’événement, et présentation des membres fondateurs du Collectif. 14h25-14h45 Présentation du Collectif 🎙️ Par L&#8217;Oréal, FDJ, Orange, Thales, Siemens et Schneider Electric. Retour sur les réalisations, la gouvernance et les quatre piliers d’engagement du Collectif. 14h45-15h15 Interview &#8211; Juliette Speranza (CNRS) 🎙️ Philosophe, autrice et enseignante-chercheuse, Juliette Speranza travaille sur l’éthique, la neurodiversité, le handicap et les questions de minorités. Elle est la fondatrice de l’association Neurodiversité-France. Approches, concepts et limites de la neurodiversité, suivis d’un temps d’échange avec le public. 15h15-16h Keynote &#8211; Vincent Grimaldi de Puget 🎙️ Entrepreneur et directeur de publication, Vincent Grimaldi de Puget dirige le Paris Lab for Neurodiversity at Work à l’École des Ponts Business School, où il est également Clinical Professor. Management, présentation du guide du Gouvernement et tendances autour de la neurodiversité, suivis d’un temps d’échange. 16h-16h30 Pause Découvrez, sur les différents écrans, les témoignages de salariés du Collectif Objectif Neuroinclusion. 16h30-17h30 Table ronde &#8211; Caroline Dekerle &amp; Pierre Escaich 🎙️ Directrice générale de l’Agefiph, Caroline Dekerle est engagée de longue date en faveur de l’inclusion des personnes en situation de handicap dans l’emploi. 🎙️ Directeur du programme Talent Neurodiversité chez Ubisoft, Pierre Escaich a fondé et codirige le Groupe-Ressource d’Employés Neurodiversité du groupe. Pratiques innovantes, compétences et retours d’expérience : les tops et les flops. 17h30-17h45 Témoignage &#8211; Alexia Laroche-Joubert 🎙️ Professionnelle de la production télévisuelle, Alexia Laroche-Joubert partagera son expérience personnelle autour des troubles Dys et du management. Partage d’expériences personnelles autour des troubles Dys et du management, dans une interview menée par Anne-Laure Thomas. 17h45-18h Le mot de la fin 🎙️ Par Pernod Ricard et Capgemini La suite du Collectif, sa boîte à outils, dont trois guides, son ouverture internationale et son site internet. Dès 18h Cocktail Inscription avant le 21 septembre 2026 Réservez votre place​ Places limitées : deux personnes maximum par entreprise. Confirmez votre présence pour recevoir votre accès.
